ime factors of 473119041?
3, 157706347
List the prime factors of 198678676.
2, 7, 7095667
List the prime factors of 21808564.
2, 47, 311, 373
List the prime factors of 464274110.
2, 5, 4861, 9551
List the prime factors of 11014544.
2, 47, 97, 151
List the prime factors of 3428256163.
5231, 655373
List the prime factors of 277722776.
2, 34715347
List the prime factors of 1987010483.
26833, 74051
What are the prime factors of 60615960?
2, 3, 5, 463, 1091
What are the prime factors of 590718123?
3, 21878449
What are the prime factors of 135676276?
2, 1093, 31033
List the prime factors of 552589277.
18749, 29473
List the prime factors of 4467950142.
2, 3, 744658357
List the prime factors of 493526058.
2, 3, 109, 754627
What are the prime factors of 570066586?
2, 2699, 105607
List the prime factors of 207627336.
2, 3, 7, 31, 97, 137
List the prime factors of 557232995.
5, 11, 107, 94687
List the prime factors of 25661043.
3, 105601
What are the prime factors of 27909368?
2, 29, 120299
List the prime factors of 410755638.
2, 3, 197, 347509
What are the prime factors of 23439706?
2, 2371, 4943
What are the prime factors of 6259407537?
3, 53, 269, 146347
List the prime factors of 62664278.
2, 17, 1843067
List the prime factors of 106845027.
3, 379, 93971
List the prime factors of 1019537583.
3, 17, 23, 47, 18493
List the prime factors of 4984039149.
3, 1661346383
List the prime factors of 113953881.
3, 37984627
List the prime factors of 1817424760.
2, 5, 4651, 9769
What are the prime factors of 995115995?
5, 17, 79, 148193
List the prime factors of 1240028574.
2, 3, 29, 7126601
List the prime factors of 685133953.
7, 6091, 16069
List the prime factors of 806209492.
2, 11, 911, 20113
What are the prime factors of 23623597?
67, 101, 3491
List the prime factors of 66420430.
2, 5, 59, 112577
List the prime factors of 5606335768.
2, 11, 63708361
List the prime factors of 33879167.
7, 4839881
What are the prime factors of 34324224?
2, 3, 11, 17, 239
List the prime factors of 18903431.
113, 131, 1277
List the prime factors of 85567361.
11, 487, 15973
List the prime factors of 47275813.
13, 769, 4729
List the prime factors of 5058801546.
2, 3, 71, 11875121
What are the prime factors of 65376426?
2, 3, 43, 139, 1823
What are the prime factors of 1918320852?
2, 3, 7, 22837153
List the prime factors of 643002998.
2, 11, 151, 193559
What are the prime factors of 3961398705?
3, 5, 11, 31, 774467
List the prime factors of 29118453.
3, 7, 13, 106661
What are the prime factors of 84221390?
2, 5, 11, 765649
What are the prime factors of 431303779?
7297, 59107
What are the prime factors of 10649858?
2, 37, 71, 2027
List the prime factors of 1311379374.
2, 3, 107, 2042647
List the prime factors of 4390784343.
3, 11, 71, 624667
List the prime factors of 43550252.
2, 10887563
What are the prime factors of 2253822614?
2, 1126911307
What are the prime factors of 2075992435?
5, 11, 37745317
List the prime factors of 21699015.
3, 5, 13, 223, 499
What are the prime factors of 258800969?
7, 36971567
List the prime factors of 62694854.
2, 173, 181199
What are the prime factors of 44919072?
2, 3, 11, 1289
What are the prime factors of 6075214608?
2, 3, 126566971
What are the prime factors of 1445060524?
2, 109, 1663, 1993
List the prime factors of 49416417.
3, 43, 127691
List the prime factors of 460555793.
460555793
List the prime factors of 47647589.
11, 31, 139729
What are the prime factors of 279819036?
2, 3, 7, 123377
List the prime factors of 27523234.
2, 13761617
List the prime factors of 366744098.
2, 7, 41, 449, 1423
What are the prime factors of 533357874?
2, 3, 7, 4232999
List the prime factors of 1591542020.
2, 5, 79577101
List the prime factors of 98243950.
2, 5, 7, 280697
What are the prime factors of 867493777?
1433, 605369
List the prime factors of 144169141.
144169141
List the prime factors of 28217732.
2, 7054433
List the prime factors of 95938722.
2, 3, 11, 14683
List the prime factors of 216480185.
5, 83, 467, 1117
List the prime factors of 72979364.
2, 18244841
What are the prime factors of 16280492?
2, 17, 19, 12601
What are the prime factors of 80944021?
17, 4761413
List the prime factors of 370154120.
2, 5, 7, 53, 24943
List the prime factors of 3228293245.
5, 709, 910661
What are the prime factors of 641605411?
641605411
What are the prime factors of 3555395666?
2, 42019, 42307
List the prime factors of 60379817.
60379817
What are the prime factors of 62191982?
2, 1031, 30161
List the prime factors of 330469380.
2, 3, 5, 1835941
List the prime factors of 14956286.
2, 29, 257867
What are the prime factors of 107609830?
2, 5, 17, 41, 15439
What are the prime factors of 31477122?
2, 3, 29, 47, 1283
List the prime factors of 102697356.
2, 3, 19, 149, 3023
List the prime factors of 1349827927.
7, 192832561
What are the prime factors of 3060894902?
2, 13, 53, 2221259
List the prime factors of 155239297.
155239297
What are the prime factors of 334859832?
2, 3, 281, 613
What are the prime factors of 211107721?
11, 181, 106031
List the prime factors of 2989873516.
2, 7, 19, 179, 31397
List the prime factors of 478508622.
2, 3, 17, 31, 41, 3691
What are the prime factors of 2633116037?
31, 84939227
List the prime factors of 154534399.
1787, 86477
What are the prime factors of 214748655?
3, 5, 11, 1301507
What are the prime factors of 2641546519?
29, 3140959
List the prime factors of 695774764.
2, 863, 201557
List the prime factors of 151737759.
3, 701, 8017
What are the prime factors of 408005543?
11, 43, 47, 18353
What are the prime factors of 3527298436?
2, 881824609
List the prime factors of 53289672.
2, 3, 2220403
What are the prime factors of 179040085?
5, 7, 5115431
List the prime factors of 859912479.
3, 17, 73, 76991
List the prime factors of 191926506.
2, 3, 3221, 9931
What are the prime factors of 1945336916?
2, 179, 2716951
List the prime factors of 130800.
2, 3, 5, 109
List the prime factors of 4655882638.
2, 11, 211631029
List the prime factors of 5597976.
2, 3, 41, 5689
List the prime factors of 5536005.
3, 5, 369067
List the prime factors of 68349614.
2, 643, 53149
List the prime factors of 3879085629.
3, 1293028543
List the prime factors of 549240353.
19, 937, 30851
What are the prime factors of 66581376?
2, 3, 41, 4229
List the prime factors of 228049443.
3, 523, 48449
List the prime factors of 38030905.
5, 11, 62861
List the prime factors of 39169819.
13, 17, 177239
What are the prime factors of 514620623?
11, 1063, 4001
What are the prime factors of 2262070173?
3, 11, 6389, 10729
List the prime factors of 229467652.
2, 41, 1399193
What are the prime factors of 234116041?
234116041
What are the prime factors of 424031354?
2, 8419, 25183
What are the prime factors of 13896314?
2, 1277, 5441
List the prime factors of 109905433.
11, 1367, 7309
What are the prime factors of 92011991?
4637, 19843
What are the prime factors of 1474869513?
3, 13, 43, 421, 2089
List the prime factors of 50364370.
2, 5, 7, 17, 42323
List the prime factors of 21843477.
3, 2427053
What are the prime factors of 40695895?
5, 1753, 4643
What are the prime factors of 3631771237?
1597, 2274121
List the prime factors of 91775886.
2, 3, 15295981
What are the prime factors of 321908674?
2, 1259, 127843
What are the prime factors of 484903225?
5, 19396129
What are the prime factors of 44796434?
2, 1163, 19259
List the prime factors of 33579442.
2, 13, 103, 12539
List the prime factors of 27003825.
3, 5, 120017
List the prime factors of 171981167.
171981167
List the prime factors of 358665736.
2, 11, 13, 19, 29, 569
What are the prime factors of 3168620317?
53, 2683, 22283
List the prime factors of 693255709.
693255709
What are the prime factors of 204554507?
53, 503, 7673
What are the prime factors of 329695467?
3, 17, 19, 113, 3011
List the prime factors of 517559144.
2, 151, 563, 761
What are the prime factors of 660163447?
20929, 31543
List the prime factors of 81352096.
2, 7, 363179
List the prime factors of 76974559.
2347, 32797
What are the prime factors of 193790680?
2, 5, 43, 307, 367
What are the prime factors of 55907473?
103, 542791
What are the prime factors of 547921915?
5, 109584383
What are the prime factors of 851634361?
851634361
List the prime factors of 108913